 digit of o(-5)?
0
Let y(r) = 14*r**2 + r + 2. Let g = 33 + -34. What is the tens digit of y(g)?
1
Let c(o) = o + 14. Let h be c(-8). Let n(d) = d - 7. Let k be n(h). What is the units digit of 3 - k/(4/172)?
6
Let a = -16 - -16. Let o(s) = s**3 - s**2 - s + 10. Let m be o(a). Let x = 37 - m. What is the tens digit of x?
2
Suppose 0 = 4*p + 20, -5*x - 7*p + 8345 = -3*p. What is the units digit of x?
3
Let k(h) = -9*h - 2*h + 8*h - h - 9. What is the units digit of k(-4)?
7
Suppose 0 = -5*w + 4*y + 3455 + 22261, -2*y = -4*w + 20568. What is the units digit of w?
0
Let y be -3 - (4/2 - -2). Let r = y - -16. Let x = -4 + r. What is the units digit of x?
5
Suppose -n + 2*d + 77 + 26 = 0, 4*n = -d + 421. Suppose 5*a = -60 - n. Let w = a - -55. What is the tens digit of w?
2
Suppose 47*d - 28 = 54*d. Let n(t) = -22*t + 24. What is the tens digit of n(d)?
1
Let u(a) = 4*a**2 - 46*a + 327. What is the units digit of u(25)?
7
What is the tens digit of 508 + 0*((-20)/15 + 1)?
0
Suppose 3 + 1 = w - 2*i, 0 = -2*i - 4. Suppose -2*j + w*j = -266. What is the tens digit of j?
3
Let k(o) = o**3 + 4*o**2 - 6*o - 9. Let i be k(6). Let q = i + -190. What is the hundreds digit of q?
1
Let b(k) = 6*k**2 - 15*k - 85. What is the tens digit of b(-11)?
0
Suppose -8 = 5*m + v, 1 - 3 = -2*m - 3*v. What is the units digit of (6/6)/(m/(-82))?
1
Suppose 3*o + i = -68, o - 5*i + 0 = 4. Suppose -5*g + 2*n - 85 = 4*n, 0 = 2*n - 10. Let p = g - o. What is the units digit of p?
2
Let b = 98 + -58. Suppose -6*h - 4 = -b. What is the units digit of h?
6
Let p(t) = 11*t - 6. Let i be p(7). Let y(a) = a**2 - 14*a - 4. Let x be y(10). Let o = i + x. What is the units digit of o?
7
Let w be (-21)/(1/((-4)/4)). Suppose 3*p - 105 + w = 0. What is the units digit of p?
8
Let y(j) = j**2 - 47*j + 1439. What is the thousands digit of y(68)?
2
Let s be (-4 - -2) + (-34 - 1). Let b = -22 - s. Let n = b - -5. What is the units digit of n?
0
Let t(q) = 585*q - 93. What is the thousands digit of t(8)?
4
Let q(t) = t**3 + 24*t**2 + 3*t + 49. Let w be q(-24). Let f(p) = p**2 + 8*p + 12. Let l be f(-5). Let n = l - w. What is the tens digit of n?
2
Suppose 5*z - 2*w - 285 = 0, 228 = 4*z - 7*w + 5*w. What is the tens digit of z + (0 - 8)/(-2)?
6
Let s(h) = -h**3 - 13*h**2 - 12*h - 12. Let f be s(-12). What is the hundreds digit of -4 + (-487)/(-3) - 8/f?
1
Let n(d) be the third derivative of 7*d**4/24 + 5*d**3/6 + d**2. Let s(m) = -26*m + 397. Let q be s(15). What is the tens digit of n(q)?
5
Let t = -116 + 294. Suppose 11*r + 1219 + 178 = 0. Let d = t + r. What is the tens digit of d?
5
Let c be (3/(-2))/(24/(-32)). Suppose -c*l = -4*l. Suppose l = -k + 2*j + 22, 4*j - 6 = -14. What is the tens digit of k?
1
Suppose -5*n + 0*n + 645 = 0. Suppose 2*z - 3*y - 110 = 0, -61*y = -2*z - 64*y + 86. Suppose 5*r = -2*h + 85, 4*h + 2*r - z = n. What is the tens digit of h?
4
Let u(s) = -47*s + 6. Let c be u(-2). What is the units digit of (-1)/1 + c + -10?
9
Let f = -29 + -232. What is the units digit of f/(-21) + 3/(-7)?
2
Suppose 213 + 143 = 4*a. What is the tens digit of 3/(-4)*-4 + a?
9
Let a be (88/55)/((-2)/10). Let g = a - -12. Suppose -g*z + 64 = -2*w, 3*z + z - 64 = 3*w. What is the units digit of z?
6
Let x = -1445 + 1525. What is the tens digit of x?
8
Suppose s - 68 = -5*u, 4*s - 3*u - 420 = -125. What is the units digit of s - (-2 - (-2)/(-1))?
7
Let g = -363 - -638. What is the units digit of g?
5
What is the hundreds digit of (31 - 637)/((0 + 2)/(-12))?
6
Suppose -5*c + 3*l + l - 22 = 0, -8 = 4*l. Let t(p) = 5*p**2 + 13*p - 12. What is the tens digit of t(c)?
9
Let i(q) be the first derivative of q**4/4 - 14*q**3/3 - q**2/2 - 18*q + 5. Let c be i(14). What is the units digit of c/8 + -1 + 10?
5
Let k = 65 - -489. What is the units digit of k?
4
Let s(u) = 2*u - 5. Let j be s(6). What is the units digit of (j + -4)/(-2 + 3)?
3
Let v(k) = k**3 - 5*k**2 + 2*k - 3. Let a be v(5). Suppose 3*q - a*q + 24 = 0. What is the tens digit of (q/9)/((-4)/(-204))?
3
Suppose -3 = -y - 0*y. Suppose 0 = -2*u + 2*x + 22, 2*x = y*u - 3*x - 35. What is the tens digit of ((-122)/u)/((-1)/5)?
6
Let k(t) = 4*t**2 - 15*t - 23. What is the hundreds digit of k(-10)?
5
Let g = 19 + -13. Suppose -g*h + 34 = -2. What is the units digit of h?
6
Let j(l) = 8*l + 6*l - l - 3. Suppose -x + 2 = -0*x. What is the units digit of j(x)?
3
Suppose 14*m - 606 - 388 = 0. What is the units digit of m?
1
Suppose 44*i + 68733 = 107*i. What is the tens digit of i?
9
Suppose 0 = 5*v - 3*c - 2518, -v - 2*c = -486 - 15. Let n = v + -351. What is the units digit of n?
2
Let y be (2 - -1) + -1 + -2. Suppose 24 = -y*i + i. What is the tens digit of (-3 - -4)*i - -1?
2
Let u = -2 + 14. Suppose 0*i - 3*m + u = i, 93 = 5*i + 4*m. Suppose -7 + i = b. What is the tens digit of b?
1
Suppose -2*p - 335 + 2941 = 0. What is the thousands digit of p?
1
What is the tens digit of ((-1487)/(-2))/((-273)/(-26) - 10)?
8
Let a(i) = i**3 - 6*i**2 + 7*i - 6. Let s be a(6). Suppose 2*b = 184 + s. What is the units digit of b?
0
Suppose -3*w - 10 = -22. Suppose w*o = -0 + 8. Suppose o*j - 13 = j. What is the tens digit of j?
1
What is the tens digit of 79038/144 + (-1)/(-8)?
4
Suppose -3*k = 3*i - 6, -5*k + 23 - 5 = i. Suppose 0*x - 20 = -x + 4*f, -10 = -k*x + 2*f. What is the tens digit of ((-1 - x) + 0)*-37?
3
Let n be 1/((-1 + -1)/10). Suppose u + 2*u + 5*x + 17 = 0, 0 = -x + 2. Let b = n - u. What is the units digit of b?
4
Let a = -68 + 70. Suppose 4*w + a*t - t = 484, 0 = 2*w - t - 236. What is the hundreds digit of w?
1
Let y(x) be the first derivative of x**4/12 - x**3/2 - 11*x**2/2 - 3*x - 4. Let b(p) be the first derivative of y(p). What is the units digit of b(8)?
9
Let r = 22 + -27. Let p be (-185)/r - -1*3. Suppose y + p = 2*y. What is the units digit of y?
0
Let h = 536 + 1041. What is the thousands digit of h?
1
Let k = -601 + 3208. What is the thousands digit of k?
2
Suppose 6*u + 14*u = 4060. What is the tens digit of u?
0
Let v(f) = f**3 + 6*f**2 + 5*f - 4. Let z be v(-5). Let a be (z/3)/((-11)/2376). What is the tens digit of a/10 + (-5)/(-25)?
2
What is the tens digit of (9/(-12))/(12/(-15888))?
9
Suppose -3*w - 3*v + 107 = v, -w + 4*v + 25 = 0. Let r = 71 - w. Let b = -26 + r. What is the tens digit of b?
1
Let r(v) be the third derivative of v**7/2520 + v**6/360 - 2*v**5/15 - 6*v**2. Let y(m) be the third derivative of r(m). What is the units digit of y(1)?
4
Suppose -m - 2*w = -0*w - 602, -2*w + 1206 = 2*m. What is the tens digit of m?
0
Let r(s) = s**2 - 42*s + 213. What is the tens digit of r(0)?
1
Suppose -8*j + 5353 = -7695. What is the hundreds digit of j?
6
Suppose -231 = l - 3*l - 3*x, -2*l - 5*x + 241 = 0. What is the hundreds digit of l?
1
Let k(o) = 2*o**2 + 8*o + 97. What is the units digit of k(13)?
9
Suppose -r - 19 = -69. What is the units digit of 2/(-5) + 3420/r?
8
Suppose -40 = -5*r + 10. Suppose r*o + 8 - 78 = 0. What is the units digit of o?
7
Let c = -13 + 31. Suppose -16*j - c = -18*j. What is the units digit of j?
9
Let o(w) = 16*w. Let r be ((-15)/9)/(5/(-6)). What is the tens digit of o(r)?
3
Suppose 0 = 3*k - x - 47 - 38, -2*x + 10 = 0. What is the units digit of k?
0
Let j = 32 + 57. Suppose -5*x = -0 + 5, 4*z - x = j. Let y = z - 13. What is the units digit of y?
9
Suppose 5*n = 932 + 6473. What is the thousands digit of n?
1
Let v(a) = -a**3 - 7*a**2 + 13*a + 40. Let j be v(-8). Let d(z) = -z**2 + z + 328. What is the hundreds digit of d(j)?
3
Let i = -22 + 26. Suppose 5*c + 8 = -7*x + 5*x, i*c - x - 4 = 0. Suppose 0 = -3*n - c*n + 135. What is the units digit of n?
5
Let p(d) = -82*d - 92. What is the tens digit of p(-7)?
8
Suppose 3*t + 0*a - a - 46 = 0, -5*t - 4*a + 54 = 0. Let y(s) = s - 10. Let u be y(t). Suppose u*f - f = 84. What is the tens digit of f?
2
Let w(o) = 2*o**3 - 5*o**2 - 6*o - 29. Let v be w(8). Suppose 5*l - 2*j - v = 44, -9 = 3*j. What is the tens digit of l?
3
Let d(n) = 2*n - 2. Let k be d(-4). Let b = 872 + -877. What is the units digit of ((-8)/k)/((-1)/b)?
4
Let z(i) = -i**2 + 4*i + 3. Let x be z(5). Let f(b) be the second derivative of -3*b**5/20 + 11*b. What is the units digit of f(x)?
4
Let m(n) = 30*n - 560. What is the tens digit of m(58)?
8
Let t be (-1)/(7/70*6/9). Suppose